{"id":17033,"date":"2022-04-04T22:23:48","date_gmt":"2022-04-04T20:23:48","guid":{"rendered":"https:\/\/estoytrabajandoenello.es\/rijaskates\/nueva\/bota-fly-edea\/"},"modified":"2025-09-11T11:35:29","modified_gmt":"2025-09-11T09:35:29","slug":"bota-fly-edea","status":"publish","type":"product","link":"https:\/\/estoytrabajandoenello.es\/rijaskates\/bota-fly-edea\/","title":{"rendered":"Bota Fly Edea"},"content":{"rendered":"<p>Los materiales se seleccionan para el rendimiento. El dise\u00f1o se centra en el rendimiento. La fabricaci\u00f3n tiene que ver con el rendimiento. Cada puntada y cada elemento significa rendimiento. Todo est\u00e1 dise\u00f1ado para ti, Fly, la bota de los campeones.<\/p>\n<p>178 orificios de ventilaci\u00f3n dise\u00f1ados y posicionados para mantenerte fresco mientras entrenas duro.<br \/>\nCada paso bombea aire a la bota para que puedas patinar m\u00e1s fuerte. El forro Air Tech de secado r\u00e1pido trabaja activamente para mantenerte fresco.<\/p>\n<p>El dise\u00f1o y los materiales innovadores han acortado los tiempos de respuesta. La transmisi\u00f3n de potencia directa significa una respuesta y control instant\u00e1neos para una precisi\u00f3n inigualable en el patinaje.<\/p>\n<p>El dise\u00f1o anat\u00f3mico brinda un tiempo de adaptaci\u00f3n m\u00e1s corto para que puedas entrenar m\u00e1s duro y durante m\u00e1s tiempo. El bolsillo del tal\u00f3n ergon\u00f3mico mantiene el pie alineado, la leng\u00fceta flexible brinda buen soporte y la espuma viscoel\u00e1stica se mantiene sin presi\u00f3n para una comodidad superior.<\/p>\n<p>La potencia, la precisi\u00f3n y el estilo de Fly se pueden personalizar para ti. Las l\u00edneas elegantes y el estilo italiano aseguran que destaques en la pista. Perfecci\u00f3n para tus pies.<\/p>\n","protected":false},"excerpt":{"rendered":"<p>Bota Fly Edea<\/p>\n","protected":false},"featured_media":22491,"comment_status":"open","ping_status":"closed","template":"","meta":[],"pwb-brand":[544],"product_cat":[26],"product_tag":[],"class_list":{"0":"post-17033","1":"product","2":"type-product","3":"status-publish","4":"has-post-thumbnail","6":"pwb-brand-edea","7":"product_cat-patinaje-sobre-hielo","9":"first","10":"instock","11":"taxable","12":"shipping-taxable","13":"purchasable","14":"product-type-variable"},"bundled_by":["21030","21029","21028","21027","21026","21017","21016","21015"],"bundle_stock_status":"instock","bundle_stock_quantity":87,"bundle_virtual":false,"bundle_layout":"","bundle_add_to_cart_form_location":"","bundle_editable_in_cart":false,"bundle_sold_individually_context":"","bundle_item_grouping":"","bundle_min_size":"","bundle_max_size":"","bundled_items":[],"bundle_sell_ids":[],"brands":[{"id":544,"name":"EDEA","slug":"edea"}],"_links":{"self":[{"href":"https:\/\/estoytrabajandoenello.es\/rijaskates\/wp-json\/wp\/v2\/product\/17033","targetHints":{"allow":["GET"]}}],"collection":[{"href":"https:\/\/estoytrabajandoenello.es\/rijaskates\/wp-json\/wp\/v2\/product"}],"about":[{"href":"https:\/\/estoytrabajandoenello.es\/rijaskates\/wp-json\/wp\/v2\/types\/product"}],"replies":[{"embeddable":true,"href":"https:\/\/estoytrabajandoenello.es\/rijaskates\/wp-json\/wp\/v2\/comments?post=17033"}],"wp:featuredmedia":[{"embeddable":true,"href":"https:\/\/estoytrabajandoenello.es\/rijaskates\/wp-json\/wp\/v2\/media\/22491"}],"wp:attachment":[{"href":"https:\/\/estoytrabajandoenello.es\/rijaskates\/wp-json\/wp\/v2\/media?parent=17033"}],"wp:term":[{"taxonomy":"pwb-brand","embeddable":true,"href":"https:\/\/estoytrabajandoenello.es\/rijaskates\/wp-json\/wp\/v2\/pwb-brand?post=17033"},{"taxonomy":"product_cat","embeddable":true,"href":"https:\/\/estoytrabajandoenello.es\/rijaskates\/wp-json\/wp\/v2\/product_cat?post=17033"},{"taxonomy":"product_tag","embeddable":true,"href":"https:\/\/estoytrabajandoenello.es\/rijaskates\/wp-json\/wp\/v2\/product_tag?post=17033"}],"curies":[{"name":"wp","href":"https:\/\/api.w.org\/{rel}","templated":true}]}}