{"id":17513,"date":"2022-04-24T16:00:34","date_gmt":"2022-04-24T14:00:34","guid":{"rendered":"https:\/\/estoytrabajandoenello.es\/rijaskates\/nueva\/bota-overture-edea\/"},"modified":"2025-09-11T11:31:29","modified_gmt":"2025-09-11T09:31:29","slug":"bota-overture-edea","status":"publish","type":"product","link":"https:\/\/estoytrabajandoenello.es\/rijaskates\/bota-overture-edea\/","title":{"rendered":"Bota Overture Edea"},"content":{"rendered":"<p>La tecnolog\u00eda de gama alta pero dise\u00f1ada para principiantes. Overture tiene la misma carcasa exclusiva y una suela m\u00e1s delgada para aumentar el control y un centro de gravedad m\u00e1s bajo para brindar estabilidad y confianza. Desarrolla tu t\u00e9cnica y controla al m\u00e1ximo tus filos.<\/p>\n<p>El pie se alinea a trav\u00e9s de una combinaci\u00f3n de forma anat\u00f3mica y acolchado suave, para que puedas desarrollar tu t\u00e9cnica. Un acolchado suave protege tu tend\u00f3n de Aquiles cuando empiezas a actuar.<\/p>\n<p>El dise\u00f1o de Overture tambi\u00e9n significa un tiempo de adaptaci\u00f3n m\u00e1s corto, te acostumbrar\u00e1s a ellas en nada. Est\u00e1 dise\u00f1ado para adaptarse a tus pies y ponerte en el camino correcto.<\/p>\n","protected":false},"excerpt":{"rendered":"<p>Bota Overture Edea<\/p>\n","protected":false},"featured_media":1837,"comment_status":"open","ping_status":"closed","template":"","meta":[],"pwb-brand":[544],"product_cat":[26],"product_tag":[],"class_list":{"0":"post-17513","1":"product","2":"type-product","3":"status-publish","4":"has-post-thumbnail","6":"pwb-brand-edea","7":"product_cat-patinaje-sobre-hielo","9":"first","10":"instock","11":"taxable","12":"shipping-taxable","13":"purchasable","14":"product-type-variable"},"bundled_by":[],"bundle_stock_status":"instock","bundle_stock_quantity":98,"bundle_virtual":false,"bundle_layout":"","bundle_add_to_cart_form_location":"","bundle_editable_in_cart":false,"bundle_sold_individually_context":"","bundle_item_grouping":"","bundle_min_size":"","bundle_max_size":"","bundled_items":[],"bundle_sell_ids":[],"brands":[{"id":544,"name":"EDEA","slug":"edea"}],"_links":{"self":[{"href":"https:\/\/estoytrabajandoenello.es\/rijaskates\/wp-json\/wp\/v2\/product\/17513","targetHints":{"allow":["GET"]}}],"collection":[{"href":"https:\/\/estoytrabajandoenello.es\/rijaskates\/wp-json\/wp\/v2\/product"}],"about":[{"href":"https:\/\/estoytrabajandoenello.es\/rijaskates\/wp-json\/wp\/v2\/types\/product"}],"replies":[{"embeddable":true,"href":"https:\/\/estoytrabajandoenello.es\/rijaskates\/wp-json\/wp\/v2\/comments?post=17513"}],"wp:featuredmedia":[{"embeddable":true,"href":"https:\/\/estoytrabajandoenello.es\/rijaskates\/wp-json\/wp\/v2\/media\/1837"}],"wp:attachment":[{"href":"https:\/\/estoytrabajandoenello.es\/rijaskates\/wp-json\/wp\/v2\/media?parent=17513"}],"wp:term":[{"taxonomy":"pwb-brand","embeddable":true,"href":"https:\/\/estoytrabajandoenello.es\/rijaskates\/wp-json\/wp\/v2\/pwb-brand?post=17513"},{"taxonomy":"product_cat","embeddable":true,"href":"https:\/\/estoytrabajandoenello.es\/rijaskates\/wp-json\/wp\/v2\/product_cat?post=17513"},{"taxonomy":"product_tag","embeddable":true,"href":"https:\/\/estoytrabajandoenello.es\/rijaskates\/wp-json\/wp\/v2\/product_tag?post=17513"}],"curies":[{"name":"wp","href":"https:\/\/api.w.org\/{rel}","templated":true}]}}