{"id":17645,"date":"2022-04-24T23:43:02","date_gmt":"2022-04-24T21:43:02","guid":{"rendered":"https:\/\/estoytrabajandoenello.es\/rijaskates\/nueva\/bota-flamenco-ice-edea\/"},"modified":"2025-09-11T11:31:30","modified_gmt":"2025-09-11T09:31:30","slug":"bota-flamenco-ice-edea","status":"publish","type":"product","link":"https:\/\/estoytrabajandoenello.es\/rijaskates\/bota-flamenco-ice-edea\/","title":{"rendered":"Bota Flamenco Ice Edea"},"content":{"rendered":"<p>Buen soporte para mayor precisi\u00f3n, mayor rango de movimiento para la expresi\u00f3n.<\/p>\n<p>La suela m\u00e1s delgada mejora la transmisi\u00f3n de potencia y acorta el tiempo de reacci\u00f3n. Esto brinda mayor control y precisi\u00f3n para movimientos m\u00e1s definidos y transiciones m\u00e1s r\u00e1pidas.<\/p>\n<p>El perfil m\u00e1s bajo aumenta el rango de movimiento para que puedas expresarte.<br \/>\nEl bolsillo del tal\u00f3n ergon\u00f3mico asegura la posici\u00f3n \u00f3ptima del pie y la espuma viscoel\u00e1stica se mantiene sin presi\u00f3n. La carcasa es termoformable y se puede personalizar instant\u00e1neamente en la tienda. Tu pareja de baile perfecta.<\/p>\n<p>Flamenco Ice est\u00e1n pensados para ti. Vuelva al entrenamiento completo r\u00e1pidamente con el tiempo de adaptaci\u00f3n m\u00e1s corto. El forro de microfibra SH se seca m\u00e1s r\u00e1pido, lo que te mantiene a ti y a tus botas m\u00e1s frescos para tu pr\u00f3xima sesi\u00f3n.<\/p>\n<p>El Flamenco Ice est\u00e1 dise\u00f1ado con una tecnolog\u00eda superior de doble suela para reducir la vibraci\u00f3n del suelo y brindarte un deslizamiento m\u00e1s suave, conect\u00e1ndote con el hielo.<\/p>\n","protected":false},"excerpt":{"rendered":"<p>Bota Flamenco Ice Edea<\/p>\n","protected":false},"featured_media":1419,"comment_status":"open","ping_status":"closed","template":"","meta":[],"pwb-brand":[544],"product_cat":[26],"product_tag":[],"class_list":{"0":"post-17645","1":"product","2":"type-product","3":"status-publish","4":"has-post-thumbnail","6":"pwb-brand-edea","7":"product_cat-patinaje-sobre-hielo","9":"first","10":"instock","11":"taxable","12":"shipping-taxable","13":"purchasable","14":"product-type-variable"},"bundled_by":[],"bundle_stock_status":"instock","bundle_stock_quantity":28,"bundle_virtual":false,"bundle_layout":"","bundle_add_to_cart_form_location":"","bundle_editable_in_cart":false,"bundle_sold_individually_context":"","bundle_item_grouping":"","bundle_min_size":"","bundle_max_size":"","bundled_items":[],"bundle_sell_ids":[],"brands":[{"id":544,"name":"EDEA","slug":"edea"}],"_links":{"self":[{"href":"https:\/\/estoytrabajandoenello.es\/rijaskates\/wp-json\/wp\/v2\/product\/17645","targetHints":{"allow":["GET"]}}],"collection":[{"href":"https:\/\/estoytrabajandoenello.es\/rijaskates\/wp-json\/wp\/v2\/product"}],"about":[{"href":"https:\/\/estoytrabajandoenello.es\/rijaskates\/wp-json\/wp\/v2\/types\/product"}],"replies":[{"embeddable":true,"href":"https:\/\/estoytrabajandoenello.es\/rijaskates\/wp-json\/wp\/v2\/comments?post=17645"}],"wp:featuredmedia":[{"embeddable":true,"href":"https:\/\/estoytrabajandoenello.es\/rijaskates\/wp-json\/wp\/v2\/media\/1419"}],"wp:attachment":[{"href":"https:\/\/estoytrabajandoenello.es\/rijaskates\/wp-json\/wp\/v2\/media?parent=17645"}],"wp:term":[{"taxonomy":"pwb-brand","embeddable":true,"href":"https:\/\/estoytrabajandoenello.es\/rijaskates\/wp-json\/wp\/v2\/pwb-brand?post=17645"},{"taxonomy":"product_cat","embeddable":true,"href":"https:\/\/estoytrabajandoenello.es\/rijaskates\/wp-json\/wp\/v2\/product_cat?post=17645"},{"taxonomy":"product_tag","embeddable":true,"href":"https:\/\/estoytrabajandoenello.es\/rijaskates\/wp-json\/wp\/v2\/product_tag?post=17645"}],"curies":[{"name":"wp","href":"https:\/\/api.w.org\/{rel}","templated":true}]}}