{"id":17972,"date":"2022-05-08T09:21:16","date_gmt":"2022-05-08T07:21:16","guid":{"rendered":"https:\/\/estoytrabajandoenello.es\/rijaskates\/undersole-noene-antishock-edea\/"},"modified":"2025-09-11T11:31:30","modified_gmt":"2025-09-11T09:31:30","slug":"undersole-noene-antishock-edea","status":"publish","type":"product","link":"https:\/\/estoytrabajandoenello.es\/rijaskates\/undersole-noene-antishock-edea\/","title":{"rendered":"Undersole Noene Antishock Edea"},"content":{"rendered":"<p>En patinaje, el atleta se expone con frecuencia a choques causados \u200b\u200bpor impacto, energ\u00eda negativa que se propaga en forma de vibraciones. La onda de choque se transmite a trav\u00e9s de las estructuras de la parte inferior del cuerpo y hacia arriba a trav\u00e9s de la columna hasta la cabeza, causando micro traumatismos que pueden resultar en tendinitis, talalgia, periostitis, fracturas por estr\u00e9s y dolor en las articulaciones de los pies, rodillas, caderas y espalda hasta la base del cr\u00e1neo.<\/p>\n<p>Estas plantillas absorben el 94 % de todas las ondas de choque y vibraciones experimentadasPlantillas de material vibroabsorbente con tecnolog\u00eda Noene, antiimpacto, especiales para patinaje<\/p>\n<p>Hechas con material ultraligero<\/p>\n","protected":false},"excerpt":{"rendered":"<p>Undersole Noene Antishock Edea<\/p>\n","protected":false},"featured_media":4339,"comment_status":"open","ping_status":"closed","template":"","meta":[],"pwb-brand":[544],"product_cat":[83],"product_tag":[],"class_list":{"0":"post-17972","1":"product","2":"type-product","3":"status-publish","4":"has-post-thumbnail","6":"pwb-brand-edea","7":"product_cat-accesorios-patinaje-artistico-sobre-ruedas","9":"first","10":"instock","11":"taxable","12":"shipping-taxable","13":"purchasable","14":"product-type-variable"},"bundled_by":[],"bundle_stock_status":"instock","bundle_stock_quantity":44,"bundle_virtual":false,"bundle_layout":"","bundle_add_to_cart_form_location":"","bundle_editable_in_cart":false,"bundle_sold_individually_context":"","bundle_item_grouping":"","bundle_min_size":"","bundle_max_size":"","bundled_items":[],"bundle_sell_ids":[],"brands":[{"id":544,"name":"EDEA","slug":"edea"}],"_links":{"self":[{"href":"https:\/\/estoytrabajandoenello.es\/rijaskates\/wp-json\/wp\/v2\/product\/17972","targetHints":{"allow":["GET"]}}],"collection":[{"href":"https:\/\/estoytrabajandoenello.es\/rijaskates\/wp-json\/wp\/v2\/product"}],"about":[{"href":"https:\/\/estoytrabajandoenello.es\/rijaskates\/wp-json\/wp\/v2\/types\/product"}],"replies":[{"embeddable":true,"href":"https:\/\/estoytrabajandoenello.es\/rijaskates\/wp-json\/wp\/v2\/comments?post=17972"}],"wp:featuredmedia":[{"embeddable":true,"href":"https:\/\/estoytrabajandoenello.es\/rijaskates\/wp-json\/wp\/v2\/media\/4339"}],"wp:attachment":[{"href":"https:\/\/estoytrabajandoenello.es\/rijaskates\/wp-json\/wp\/v2\/media?parent=17972"}],"wp:term":[{"taxonomy":"pwb-brand","embeddable":true,"href":"https:\/\/estoytrabajandoenello.es\/rijaskates\/wp-json\/wp\/v2\/pwb-brand?post=17972"},{"taxonomy":"product_cat","embeddable":true,"href":"https:\/\/estoytrabajandoenello.es\/rijaskates\/wp-json\/wp\/v2\/product_cat?post=17972"},{"taxonomy":"product_tag","embeddable":true,"href":"https:\/\/estoytrabajandoenello.es\/rijaskates\/wp-json\/wp\/v2\/product_tag?post=17972"}],"curies":[{"name":"wp","href":"https:\/\/api.w.org\/{rel}","templated":true}]}}