{"id":18079,"date":"2022-05-08T10:27:45","date_gmt":"2022-05-08T08:27:45","guid":{"rendered":"https:\/\/estoytrabajandoenello.es\/rijaskates\/spinner-edea\/"},"modified":"2025-09-11T11:31:29","modified_gmt":"2025-09-11T09:31:29","slug":"spinner-edea","status":"publish","type":"product","link":"https:\/\/estoytrabajandoenello.es\/rijaskates\/spinner-edea\/","title":{"rendered":"Spinner Edea"},"content":{"rendered":"<p>El\u00a0<strong>Spinner<\/strong>\u00a0es un tabla fabricada en nylon, pensada para practicar piruetas sin patines.<\/p>\n<p>Su dise\u00f1o simula los movimientos y sensaciones que se tienen al patinar.<\/p>\n<p>Ayuda a mejorar la postura, el balance, la orientaci\u00f3n y agilidad del patinador, adem\u00e1s de ser el mejor accesorio para realizar ejercicios de calentamiento previos al entreno o la competici\u00f3n.<\/p>\n<p>Puede ser usado en cualquier superficie, tanto en interior como en exterior.<\/p>\n<p>Es compacto y liviano, ideal para llevarlo siempre en la bolsa o mochila de los patines.<\/p>\n<p><strong>Medida \u00fanica.<\/strong><\/p>\n","protected":false},"excerpt":{"rendered":"<p>Spinner Edea<\/p>\n","protected":false},"featured_media":18516,"comment_status":"open","ping_status":"closed","template":"","meta":[],"pwb-brand":[544],"product_cat":[83],"product_tag":[],"class_list":{"0":"post-18079","1":"product","2":"type-product","3":"status-publish","4":"has-post-thumbnail","6":"pwb-brand-edea","7":"product_cat-accesorios-patinaje-artistico-sobre-ruedas","9":"first","10":"instock","11":"taxable","12":"shipping-taxable","13":"purchasable","14":"product-type-variable"},"bundled_by":[],"bundle_stock_status":"instock","bundle_stock_quantity":302,"bundle_virtual":false,"bundle_layout":"","bundle_add_to_cart_form_location":"","bundle_editable_in_cart":false,"bundle_sold_individually_context":"","bundle_item_grouping":"","bundle_min_size":"","bundle_max_size":"","bundled_items":[],"bundle_sell_ids":[],"brands":[{"id":544,"name":"EDEA","slug":"edea"}],"_links":{"self":[{"href":"https:\/\/estoytrabajandoenello.es\/rijaskates\/wp-json\/wp\/v2\/product\/18079","targetHints":{"allow":["GET"]}}],"collection":[{"href":"https:\/\/estoytrabajandoenello.es\/rijaskates\/wp-json\/wp\/v2\/product"}],"about":[{"href":"https:\/\/estoytrabajandoenello.es\/rijaskates\/wp-json\/wp\/v2\/types\/product"}],"replies":[{"embeddable":true,"href":"https:\/\/estoytrabajandoenello.es\/rijaskates\/wp-json\/wp\/v2\/comments?post=18079"}],"wp:featuredmedia":[{"embeddable":true,"href":"https:\/\/estoytrabajandoenello.es\/rijaskates\/wp-json\/wp\/v2\/media\/18516"}],"wp:attachment":[{"href":"https:\/\/estoytrabajandoenello.es\/rijaskates\/wp-json\/wp\/v2\/media?parent=18079"}],"wp:term":[{"taxonomy":"pwb-brand","embeddable":true,"href":"https:\/\/estoytrabajandoenello.es\/rijaskates\/wp-json\/wp\/v2\/pwb-brand?post=18079"},{"taxonomy":"product_cat","embeddable":true,"href":"https:\/\/estoytrabajandoenello.es\/rijaskates\/wp-json\/wp\/v2\/product_cat?post=18079"},{"taxonomy":"product_tag","embeddable":true,"href":"https:\/\/estoytrabajandoenello.es\/rijaskates\/wp-json\/wp\/v2\/product_tag?post=18079"}],"curies":[{"name":"wp","href":"https:\/\/api.w.org\/{rel}","templated":true}]}}