{"id":18230,"date":"2022-05-08T12:16:00","date_gmt":"2022-05-08T10:16:00","guid":{"rendered":"https:\/\/estoytrabajandoenello.es\/rijaskates\/patin-dance-roll-line\/"},"modified":"2025-09-11T11:32:39","modified_gmt":"2025-09-11T09:32:39","slug":"patin-dance-roll-line","status":"publish","type":"product","link":"https:\/\/estoytrabajandoenello.es\/rijaskates\/patin-dance-roll-line\/","title":{"rendered":"Pat\u00edn Dance Roll Line"},"content":{"rendered":"<p>El Pat\u00edn Dance se ha estudiado espec\u00edficamente para la competici\u00f3n en las categor\u00edas \u201cdanza\u201d y \u201csolo dance\u201d.<br \/>\nGracias a su disposici\u00f3n baja y al menor radio de giro garantiza las mejores trayectorias con velocidades de ejecuci\u00f3n constantes y altas.<br \/>\nCom juego de herramientas standard incluido.<\/p>\n","protected":false},"excerpt":{"rendered":"<p>Pat\u00edn Dance Roll Line<\/p>\n","protected":false},"featured_media":159,"comment_status":"open","ping_status":"closed","template":"","meta":[],"pwb-brand":[548],"product_cat":[27],"product_tag":[],"class_list":{"0":"post-18230","1":"product","2":"type-product","3":"status-publish","4":"has-post-thumbnail","6":"pwb-brand-roll-line","7":"product_cat-patinaje-en-linea","9":"first","10":"instock","11":"taxable","12":"shipping-taxable","13":"purchasable","14":"product-type-variable"},"bundled_by":[],"bundle_stock_status":"instock","bundle_stock_quantity":15,"bundle_virtual":false,"bundle_layout":"","bundle_add_to_cart_form_location":"","bundle_editable_in_cart":false,"bundle_sold_individually_context":"","bundle_item_grouping":"","bundle_min_size":"","bundle_max_size":"","bundled_items":[],"bundle_sell_ids":[],"brands":[{"id":548,"name":"Roll Line","slug":"roll-line"}],"_links":{"self":[{"href":"https:\/\/estoytrabajandoenello.es\/rijaskates\/wp-json\/wp\/v2\/product\/18230","targetHints":{"allow":["GET"]}}],"collection":[{"href":"https:\/\/estoytrabajandoenello.es\/rijaskates\/wp-json\/wp\/v2\/product"}],"about":[{"href":"https:\/\/estoytrabajandoenello.es\/rijaskates\/wp-json\/wp\/v2\/types\/product"}],"replies":[{"embeddable":true,"href":"https:\/\/estoytrabajandoenello.es\/rijaskates\/wp-json\/wp\/v2\/comments?post=18230"}],"wp:featuredmedia":[{"embeddable":true,"href":"https:\/\/estoytrabajandoenello.es\/rijaskates\/wp-json\/wp\/v2\/media\/159"}],"wp:attachment":[{"href":"https:\/\/estoytrabajandoenello.es\/rijaskates\/wp-json\/wp\/v2\/media?parent=18230"}],"wp:term":[{"taxonomy":"pwb-brand","embeddable":true,"href":"https:\/\/estoytrabajandoenello.es\/rijaskates\/wp-json\/wp\/v2\/pwb-brand?post=18230"},{"taxonomy":"product_cat","embeddable":true,"href":"https:\/\/estoytrabajandoenello.es\/rijaskates\/wp-json\/wp\/v2\/product_cat?post=18230"},{"taxonomy":"product_tag","embeddable":true,"href":"https:\/\/estoytrabajandoenello.es\/rijaskates\/wp-json\/wp\/v2\/product_tag?post=18230"}],"curies":[{"name":"wp","href":"https:\/\/api.w.org\/{rel}","templated":true}]}}