{"id":18253,"date":"2022-05-08T12:37:42","date_gmt":"2022-05-08T10:37:42","guid":{"rendered":"https:\/\/estoytrabajandoenello.es\/rijaskates\/ruedas-ice-set-8-ruedas-63mm-rl\/"},"modified":"2025-09-11T11:32:38","modified_gmt":"2025-09-11T09:32:38","slug":"ruedas-ice-set-8-ruedas-61mm-rl","status":"publish","type":"product","link":"https:\/\/estoytrabajandoenello.es\/rijaskates\/ruedas-ice-set-8-ruedas-61mm-rl\/","title":{"rendered":"Ruedas Ice (Set 8 Ruedas 61mm) RL"},"content":{"rendered":"<p>Ruedas altamente profesionales dise\u00f1adas para satisfacer las nuevas demandas del mundo de la danza, solo danza y grupos show. Necesitando siempre m\u00e1s suavidad, agarre y bajo nivel de ruido, las ruedas ICE, despu\u00e9s de una larga b\u00fasqueda para encontrar la combinaci\u00f3n perfecta de tres pol\u00edmeros de \u00faltima generaci\u00f3n, en gran medida satisfacer estos requisitos.<br \/>\nICE: la rueda de la excelencia, en la cima del mundo.<br \/>\nEstampadas en la parte interior.<\/p>\n","protected":false},"excerpt":{"rendered":"<p>Ruedas Ice (Set 8 Ruedas 61mm) RL<\/p>\n","protected":false},"featured_media":5542,"comment_status":"open","ping_status":"closed","template":"","meta":[],"pwb-brand":[548],"product_cat":[28],"product_tag":[],"class_list":{"0":"post-18253","1":"product","2":"type-product","3":"status-publish","4":"has-post-thumbnail","6":"pwb-brand-roll-line","7":"product_cat-hockey-sobre-patines","9":"first","10":"instock","11":"taxable","12":"shipping-taxable","13":"purchasable","14":"product-type-variable"},"bundled_by":[],"bundle_stock_status":"instock","bundle_stock_quantity":202,"bundle_virtual":false,"bundle_layout":"","bundle_add_to_cart_form_location":"","bundle_editable_in_cart":false,"bundle_sold_individually_context":"","bundle_item_grouping":"","bundle_min_size":"","bundle_max_size":"","bundled_items":[],"bundle_sell_ids":[],"brands":[{"id":548,"name":"Roll Line","slug":"roll-line"}],"_links":{"self":[{"href":"https:\/\/estoytrabajandoenello.es\/rijaskates\/wp-json\/wp\/v2\/product\/18253","targetHints":{"allow":["GET"]}}],"collection":[{"href":"https:\/\/estoytrabajandoenello.es\/rijaskates\/wp-json\/wp\/v2\/product"}],"about":[{"href":"https:\/\/estoytrabajandoenello.es\/rijaskates\/wp-json\/wp\/v2\/types\/product"}],"replies":[{"embeddable":true,"href":"https:\/\/estoytrabajandoenello.es\/rijaskates\/wp-json\/wp\/v2\/comments?post=18253"}],"wp:featuredmedia":[{"embeddable":true,"href":"https:\/\/estoytrabajandoenello.es\/rijaskates\/wp-json\/wp\/v2\/media\/5542"}],"wp:attachment":[{"href":"https:\/\/estoytrabajandoenello.es\/rijaskates\/wp-json\/wp\/v2\/media?parent=18253"}],"wp:term":[{"taxonomy":"pwb-brand","embeddable":true,"href":"https:\/\/estoytrabajandoenello.es\/rijaskates\/wp-json\/wp\/v2\/pwb-brand?post=18253"},{"taxonomy":"product_cat","embeddable":true,"href":"https:\/\/estoytrabajandoenello.es\/rijaskates\/wp-json\/wp\/v2\/product_cat?post=18253"},{"taxonomy":"product_tag","embeddable":true,"href":"https:\/\/estoytrabajandoenello.es\/rijaskates\/wp-json\/wp\/v2\/product_tag?post=18253"}],"curies":[{"name":"wp","href":"https:\/\/api.w.org\/{rel}","templated":true}]}}